{"id":45,"date":"2018-04-19T07:50:03","date_gmt":"2018-04-19T07:50:03","guid":{"rendered":"http:\/\/metodos.fam.cie.uva.es\/paginagir\/?page_id=45"},"modified":"2021-10-19T08:02:28","modified_gmt":"2021-10-19T08:02:28","slug":"lineas-de-investigacion","status":"publish","type":"page","link":"http:\/\/metodos.fam.cie.uva.es\/gir\/index.php\/lineas-de-investigacion\/","title":{"rendered":"LINEAS DE INVESTIGACION"},"content":{"rendered":"<div id=\"pl-45\"  class=\"panel-layout\" ><div id=\"pg-45-0\"  class=\"panel-grid panel-no-style\" ><div id=\"pgc-45-0-0\"  class=\"panel-grid-cell\" ><div id=\"panel-45-0-0-0\" class=\"so-panel widget widget_sow-editor panel-first-child panel-last-child\" data-index=\"0\" ><div\n\t\t\t\n\t\t\tclass=\"so-widget-sow-editor so-widget-sow-editor-base\"\n\t\t\t\n\t\t>\n<div class=\"siteorigin-widget-tinymce textwidget\">\n\t<h3>Las l\u00edneas de investigaci\u00f3n del grupo son:<\/h3>\n<\/div>\n<\/div><\/div><\/div><\/div><div id=\"pg-45-1\"  class=\"panel-grid panel-no-style\" ><div id=\"pgc-45-1-0\"  class=\"panel-grid-cell\" ><div id=\"panel-45-1-0-0\" class=\"so-panel widget widget_sow-editor panel-first-child panel-last-child\" data-index=\"1\" ><div\n\t\t\t\n\t\t\tclass=\"so-widget-sow-editor so-widget-sow-editor-base\"\n\t\t\t\n\t\t>\n<div class=\"siteorigin-widget-tinymce textwidget\">\n\t<h3><img loading=\"lazy\" class=\"aligncenter wp-image-21 size-thumbnail\" src=\"http:\/\/lcb.fam.cie.uva.es\/gir\/wp-content\/uploads\/2018\/04\/mofe-150x150.jpg\" alt=\"\" width=\"150\" height=\"150\" \/><\/h3>\n<h4 style=\"text-align: center;\"><a href=\"http:\/\/lcb.fam.cie.uva.es\/gir\/index.php\/magnetismo-de-clusters\/\">Magnetismo de clusters, superficies, multicapas, y sistemas complejos de metales de transici\u00f3n.<\/a><\/h4>\n<\/div>\n<\/div><\/div><\/div><div id=\"pgc-45-1-1\"  class=\"panel-grid-cell\" ><div id=\"panel-45-1-1-0\" class=\"so-panel widget widget_sow-editor panel-first-child panel-last-child\" data-index=\"2\" ><div\n\t\t\t\n\t\t\tclass=\"so-widget-sow-editor so-widget-sow-editor-base\"\n\t\t\t\n\t\t>\n<div class=\"siteorigin-widget-tinymce textwidget\">\n\t<h3><img loading=\"lazy\" class=\"aligncenter wp-image-22 size-thumbnail\" src=\"http:\/\/lcb.fam.cie.uva.es\/gir\/wp-content\/uploads\/2018\/04\/tower_2-150x150.jpg\" alt=\"\" width=\"150\" height=\"150\" \/><\/h3>\n<h4 style=\"text-align: center;\"><a href=\"http:\/\/lcb.fam.cie.uva.es\/gir\/index.php\/propiedades-dinamicas\/\">Propiedades din\u00e1micas de aleacciones l\u00edquidas y s\u00f3lidas de metales, de \u00f3xidos met\u00e1licos y de minerales terrestres.<\/a><\/h4>\n<\/div>\n<\/div><\/div><\/div><div id=\"pgc-45-1-2\"  class=\"panel-grid-cell\" ><div id=\"panel-45-1-2-0\" class=\"so-panel widget widget_sow-editor panel-first-child panel-last-child\" data-index=\"3\" ><div\n\t\t\t\n\t\t\tclass=\"so-widget-sow-editor so-widget-sow-editor-base\"\n\t\t\t\n\t\t>\n<div class=\"siteorigin-widget-tinymce textwidget\">\n\t<h3><img loading=\"lazy\" class=\"aligncenter wp-image-23 size-thumbnail\" src=\"http:\/\/lcb.fam.cie.uva.es\/gir\/wp-content\/uploads\/2018\/04\/ImageForArticle_3079-150x150.jpg\" alt=\"\" width=\"150\" height=\"150\" \/><\/h3>\n<h4 style=\"text-align: center;\"><a href=\"http:\/\/lcb.fam.cie.uva.es\/gir\/index.php\/estructura-dinamica-y-reactividad\/\">Estructura, Din\u00e1mica y Reactividad de Nanoagregados y Nanoaleaciones met\u00e1licas. Nanopart\u00edculas como catalizadores o agentes anti-corrosivos.<\/a><\/h4>\n<\/div>\n<\/div><\/div><\/div><div id=\"pgc-45-1-3\"  class=\"panel-grid-cell\" ><div id=\"panel-45-1-3-0\" class=\"so-panel widget widget_sow-editor panel-first-child panel-last-child\" data-index=\"4\" ><div\n\t\t\t\n\t\t\tclass=\"so-widget-sow-editor so-widget-sow-editor-base\"\n\t\t\t\n\t\t>\n<div class=\"siteorigin-widget-tinymce textwidget\">\n\t<h3><img loading=\"lazy\" class=\"aligncenter wp-image-24 size-thumbnail\" src=\"http:\/\/lcb.fam.cie.uva.es\/gir\/wp-content\/uploads\/2018\/04\/angcar-150x150.jpg\" alt=\"\" width=\"150\" height=\"150\" \/><\/h3>\n<h4 style=\"text-align: center;\"><a href=\"http:\/\/lcb.fam.cie.uva.es\/gir\/index.php\/almacenamiento-de-hidrogeno\/\">Almacenamiento de hidr\u00f3geno y gas natural en materiales nanoporosos para aplicaciones en veh\u00edculos de hidr\u00f3geno y de gas natural adsorbido.<\/a><\/h4>\n<\/div>\n<\/div><\/div><\/div><\/div><div id=\"pg-45-2\"  class=\"panel-grid panel-no-style\" ><div id=\"pgc-45-2-0\"  class=\"panel-grid-cell\" ><div id=\"panel-45-2-0-0\" class=\"so-panel widget widget_sow-editor panel-first-child panel-last-child\" data-index=\"5\" ><div\n\t\t\t\n\t\t\tclass=\"so-widget-sow-editor so-widget-sow-editor-base\"\n\t\t\t\n\t\t>\n<div class=\"siteorigin-widget-tinymce textwidget\">\n\t<h3 style=\"text-align: center;\"><strong>OBJETIVOS DEL GRUPO<\/strong><\/h3>\n<ul>\n<li>\n<h4>La investigaci\u00f3n de calidad en las lineas arriba mencionadas.<\/h4>\n<\/li>\n<li>\n<h4>Conseguir la financiaci\u00f3n adecuada para ello.<\/h4>\n<\/li>\n<li>\n<h4>Contribuir al desarrollo e implantaci\u00f3n de t\u00e9cnicas avanzadas en el dominio de la simulaci\u00f3n de propiedades de nano-estructuras.<\/h4>\n<\/li>\n<li>\n<h4>La formaci\u00f3n de investigadores en las referidas l\u00edneas y su incorporaci\u00f3n al tejido productivo espa\u00f1ol y\/o europeo.<\/h4>\n<\/li>\n<\/ul>\n<p>&nbsp;<\/p>\n<hr \/>\n<table border=\"0\">\n<tbody>\n<tr>\n<td><\/td>\n<\/tr>\n<\/tbody>\n<\/table>\n<h4 style=\"text-align: justify;\">Respecto a los objetivos que planteamos en nanomagnetismo, partimos de la hip\u00f3tesis de que la respuesta de los sistemas que vamos a estudiar ante campos externos deriva de sus propiedades electr\u00f3nicas y magn\u00e9ticas, que hay que comprender bien previamente.<\/h4>\n<h4 style=\"text-align: justify;\">Respecto de la transici\u00f3n de fusi\u00f3n en agregados met\u00e1licos, hay que encontrar una explicaci\u00f3n f\u00edsica a las extra\u00f1as oscilaciones de la temperatura de fusi\u00f3n, de la estabilidad de agregados met\u00e1licos l\u00edquidos y de la estructura superficial con el tama\u00f1o, as\u00ed como sistematizar el comportamiento estructural y t\u00e9rmico de las nano-aleaciones como funci\u00f3n de la composici\u00f3n.<\/h4>\n<h4 style=\"text-align: justify;\">Respecto a los l\u00edquidos met\u00e1licos, su complejidad les confiere propiedades de gran inter\u00e9s y el reto que supone su estudio te\u00f3rico contribuye al desarrollo de nueva metodolog\u00eda que puede ser utilizada para otros sistemas con un elevado n\u00famero de \u00e1tomos inequivalentes. La hip\u00f3tesis de partida en este caso es la importante influencia mutua entre las variaciones en las estructuras electr\u00f3nica y at\u00f3mica, especialmente en el caso de interfases, que requiere un estudio autoconsistente de primeros principios.<\/h4>\n<h4 style=\"text-align: justify;\">Respecto a los materiales nanoestructurados de gap grande, interesan para aplicaciones en optoelectr\u00f3nica y es necesario elegir apropiadamente las unidades b\u00e1sicas de que est\u00e1n formados. Se supone que el gap de dichas unidades se modificar\u00e1 ligeramente al formar hilos y\/o cristales. Las \u00a0propiedades de adsorci\u00f3n de radicales en agregados de oro dopados interesan en cat\u00e1lisis heterog\u00e9nea.<\/h4>\n<\/div>\n<\/div><\/div><\/div><\/div><\/div>","protected":false},"excerpt":{"rendered":"<p>Las l\u00edneas de investigaci\u00f3n del grupo son: Magnetismo de clusters, superficies, multicapas, y sistemas complejos de metales de transici\u00f3n. Propiedades din\u00e1micas de aleacciones l\u00edquidas y s\u00f3lidas de metales, de \u00f3xidos met\u00e1licos y de minerales terrestres. Estructura, Din\u00e1mica y Reactividad de Nanoagregados y Nanoaleaciones met\u00e1licas. Nanopart\u00edculas como catalizadores o agentes anti-corrosivos. Almacenamiento de hidr\u00f3geno y gas <a class=\"read-more\" href=\"http:\/\/metodos.fam.cie.uva.es\/gir\/index.php\/lineas-de-investigacion\/\">Read More<\/a><\/p>\n","protected":false},"author":1,"featured_media":0,"parent":0,"menu_order":0,"comment_status":"closed","ping_status":"closed","template":"template-full-width.php","meta":[],"_links":{"self":[{"href":"http:\/\/metodos.fam.cie.uva.es\/gir\/index.php\/wp-json\/wp\/v2\/pages\/45"}],"collection":[{"href":"http:\/\/metodos.fam.cie.uva.es\/gir\/index.php\/wp-json\/wp\/v2\/pages"}],"about":[{"href":"http:\/\/metodos.fam.cie.uva.es\/gir\/index.php\/wp-json\/wp\/v2\/types\/page"}],"author":[{"embeddable":true,"href":"http:\/\/metodos.fam.cie.uva.es\/gir\/index.php\/wp-json\/wp\/v2\/users\/1"}],"replies":[{"embeddable":true,"href":"http:\/\/metodos.fam.cie.uva.es\/gir\/index.php\/wp-json\/wp\/v2\/comments?post=45"}],"version-history":[{"count":43,"href":"http:\/\/metodos.fam.cie.uva.es\/gir\/index.php\/wp-json\/wp\/v2\/pages\/45\/revisions"}],"predecessor-version":[{"id":461,"href":"http:\/\/metodos.fam.cie.uva.es\/gir\/index.php\/wp-json\/wp\/v2\/pages\/45\/revisions\/461"}],"wp:attachment":[{"href":"http:\/\/metodos.fam.cie.uva.es\/gir\/index.php\/wp-json\/wp\/v2\/media?parent=45"}],"curies":[{"name":"wp","href":"https:\/\/api.w.org\/{rel}","templated":true}]}}